 What is g(-5)?
88
Let n(p) = 34*p + 12. Give n(-3).
-90
Let a(k) = 95*k - 384. What is a(4)?
-4
Let q(g) = g**3 + g**2 + 2*g + 1. Calculate q(-2).
-7
Let n(v) = -3*v - 9. Determine n(-7).
12
Let f(w) = 6*w - 198. What is f(37)?
24
Let u(h) = -3*h - 23. Calculate u(-18).
31
Let h(i) = -i**2 - 20*i - 82. Give h(-15).
-7
Let q(r) = -r**2 + 4*r + 13. Determine q(8).
-19
Let j(r) = -3*r**3 + r**2 - 3*r + 7. Calculate j(3).
-74
Let m(j) = 4*j**2 + 4. Calculate m(-2).
20
Let q(m) = -m**2 + 77*m + 775. What is q(-9)?
1
Let p(a) = 14*a - 60. Calculate p(4).
-4
Let g(t) = 4*t + 35. Calculate g(-12).
-13
Let q(w) = 7*w - 29. Calculate q(4).
-1
Let s(f) = 21*f - 59. What is s(7)?
88
Let a(i) = 3*i**3 + 14*i**2 + 17*i + 2. Calculate a(-3).
-4
Let y(t) = 14*t + 52. Determine y(-3).
10
Let p(x) = x**2 - 18*x + 58. Calculate p(13).
-7
Let c(x) = x**2 - 24*x - 245. Give c(32).
11
Let s(b) = b**3 + 27*b**2 - 29*b - 37. Calculate s(-28).
-9
Let t(f) = -f**2 - 6*f - 1. Determine t(-5).
4
Let n(y) = -y**3 - 20*y**2 + 21*y - 8. Give n(-21).
-8
Let c(g) = g**3 + 13*g**2 + 14*g + 14. Determine c(-12).
-10
Let i(t) = 10*t - 4. Determine i(5).
46
Let w(o) = 26*o + 131. Give w(-5).
1
Let t(k) = k**2 + 23*k + 33. Give t(-21).
-9
Let o(t) = 4*t - 7. Calculate o(-7).
-35
Let h(y) = 2*y - 5. Determine h(-3).
-11
Let v(m) = -4*m - 8. Calculate v(6).
-32
Let z(c) = -17*c + 7. Determine z(-2).
41
Let t(u) = -u**2 + 9*u - 11. Determine t(6).
7
Let p(x) = -123*x. Give p(-1).
123
Let s(z) = z - 7. Give s(9).
2
Let f(u) = -u**2 - u + 9. Calculate f(0).
9
Let x(l) = -l**3 + 7*l**2 + l - 41. What is x(6)?
1
Let c(t) = -3*t + 75. Give c(14).
33
Let y(a) = -3*a - 8. Determine y(6).
-26
Let x(z) = z**2 + 8*z - 5. Give x(-7).
-12
Let t(w) = w + 5. What is t(9)?
14
Let x(w) = -w**2 - 8*w - 24. Give x(-5).
-9
Let h(a) = a**3 + 18*a**2 + 14*a - 9. Determine h(-17).
42
Let u(x) = -3*x - 12. Determine u(-12).
24
Let c(p) = -p**3 + 6*p**2 + 3*p - 16. Calculate c(6).
2
Let w(l) = -l**3 - 10*l**2 - l + 5. Determine w(-9).
-67
Let c(i) = 7*i + 66. Calculate c(-12).
-18
Let h(c) = c**2 + 10*c - 16. What is h(5)?
59
Let o(a) = a**2 + 7*a - 20. What is o(-4)?
-32
Let v(a) = -9*a + 25. Calculate v(3).
-2
Let v(x) = -x**2 - 8*x + 32. Give v(11).
-177
Let r(s) = -25*s**2 - 3*s + 1. Determine r(2).
-105
Let b(n) = -n**2 + 12*n + 45. Give b(15).
0
Let h(k) = -2*k**2 + 27*k + 36. Calculate h(15).
-9
Let l(x) = -17*x**2 - 2*x + 2. Calculate l(1).
-17
Let m(h) = -2*h - 3. Determine m(-2).
1
Let g(z) = z**3 - 7*z**2 - z - 13. What is g(7)?
-20
Let i(u) = -4*u**2 + 22*u + 9. What is i(5)?
19
Let g(v) = v + 10. Determine g(-8).
2
Let t(g) = -64*g**2 + 6*g + 5. What is t(-1)?
-65
Let d(u) = -u**2 - 21*u + 25. What is d(-21)?
25
Let b(r) = 3*r - 3. Determine b(-11).
-36
Let a(c) = -7*c + 142. Give a(17).
23
Let u(h) = h**3 - 3*h**2 - 6*h + 2. Give u(4).
-6
Let k(u) = u**2 - 9*u. Determine k(6).
-18
Let l(a) = -15*a**2 - 60*a + 1. Calculate l(-4).
1
Let z(l) = 3*l. What is z(-5)?
-15
Let q(j) = 2*j**2 + 22*j - 45. What is q(-12)?
-21
Let j(b) = 5*b - 4. Give j(3).
11
Let y(p) = 14*p - 66. Determine y(14).
130
Let z(a) = a - 16. Calculate z(6).
-10
Let u(k) = -2*k**2 + 2*k - 1. Calculate u(-3).
-25
Let f(u) = u**3 - u**2 - 25*u + 59. Give f(4).
7
Let u(c) = c**3 + 19*c**2 - 22*c - 33. Give u(-20).
7
Let n(j) = j**3 - 20*j**2 + 4*j - 34. Calculate n(20).
46
Let k(v) = -2*v + 38. Determine k(14).
10
Let p(z) = -10*z**2 - z. Determine p(-2).
-38
Let j(x) = -x**2 - 15*x + 693. Calculate j(20).
-7
Let l(j) = -2*j**2 - 8*j - 5. Determine l(-5).
-15
Let z(h) = 2*h**2 + 49*h - 207. What is z(4)?
21
Let m(p) = -p**3 + 10*p**2 + 7*p + 21. Calculate m(11).
-23
Let m(l) = -l**2 + 14*l - 12. Determine m(13).
1
Let g(h) = 2*h**2 - 20*h + 41. Determine g(5).
-9
Let g(h) = h**3 + 14*h**2 + 17*h - 7. Calculate g(-12).
77
Let s(f) = 5*f + 17. What is s(-8)?
-23
Let v(k) = k**2 + k - 29. Calculate v(0).
-29
Let d(x) = -2*x**3 + 3*x**2 + 3*x + 3. Calculate d(-2).
25
Let n(x) = -5*x**2 + x - 1. Give n(1).
-5
Let o(k) = k**3 - 23*k**2 - 48*k - 47. What is o(25)?
3
Let o(p) = p**2 - 6*p - 20. What is o(7)?
-13
Let k(j) = j + 11. Determine k(8).
19
Let j(t) = 7*t + 40. Calculate j(-14).
-58
Let f(r) = -14*r - 1. What is f(-2)?
27
Let l(x) = -x**2 + 5*x - 5. Determine l(5).
-5
Let o(v) = 2*v**2 + 19*v + 80. What is o(-6)?
38
Let r(h) = -2*h**3 + 4*h**2 - 2*h + 7. Calculate r(3).
-17
Let p(k) = -k**3 + 8*k**2 - 2*k + 57. Give p(9).
-42
Let r(w) = -w**3 + 5*w**2 - 5*w - 2. Determine r(4).
-6
Let y(l) = -l**3 - 7*l**2 - 6*l + 5. Determine y(-6).
5
Let u(j) = -j**2 - 8*j - 9. Determine u(-4).
7
Let k(r) = 6*r - 97. What is k(19)?
17
Let v(l) = 3*l**2 - 3*l - 3. Give v(3).
15
Let y(i) = i**3 + 8*i**2 + 5*i + 37. Calculate y(-8).
-3
Let i(u) = 2*u**3 + 2*u**2 + 3*u + 6. Determine i(-2).
-8
Let z(u) = u**2 - 6*u - 2. Calculate z(5).
-7
Let l(k) = 2*k**3 - 19*k**2 + 19*k - 91. Give l(9).
-1
Let d(j) = j**3 + 4*j**2 - 2*j - 6. Calculate d(-5).
-21
Let j(x) = x**2 - 9*x + 9. Calculate j(6).
-9
Let r(v) = v + 1. Determine r(1).
2
Let a(i) = -i**2 - 9*i + 28. Determine a(-12).
-8
Let v(x) = -x**2 - 9*x + 9. Determine v(-8).
17
Let i(w) = -12*w - 42. Give i(-15).
138
Let t(d) = -d**3 - 32*d**2 + 34*d - 11. What is t(-33)?
-44
Let z(g) = -2*g**2 - 10*g + 81. Determine z(5).
-19
Let o(q) = -q**2 + 15*q + 4. Give o(15).
4
Let f(n) = -n**3 - 15*n**2 - n - 20. What is f(-15)?
-5
Let n(q) = -q**2 - 16. Give n(0).
-16
Let n(p) = -p**2 + 23*p - 67. Calculate n(18).
23
Let u(a) = -5*a**2 - 40*a - 7. Give u(-8).
-7
Let b(g) = -g**2 + 23*g - 37. What is b(2)?
5
Let j(i) = i**3 - 2*i**2 - 5*i - 3. Give j(3).
-9
Let z(t) = -t**3 + 7*t**2 - 7*t - 3. What is z(3)?
12
Let d(y) = -y**2 - 62*y - 961. Give d(-32).
-1
Let n(x) = -2*x**2 - x + 10. Determine n(-5).
-35
Let y(a) = -16*a - 209. Determine y(-14).
15
Let k(l) = 8*l + 27. Determine k(-3).
3
Let g(f) = -f**2 + 6*f - 4. Calculate g(4).
4
Let y(x) = x**3 + 9*x**2 + 10*x - 1. Give y(-8).
-17
Let z(j) = j**3 - 10*j**2 - j - 38. Give z(10).
-48
Let z(k) = k**3 + 10*k**2 - 6*k + 55. Calculate z(-11).
0
Let l(a) = -a**3 + 8*a**2 - 8*a + 24. What is l(7)?
17
Let b(a) = a**2 + 29*a - 52. What is b(-31)?
10
Let a(u) = -4*u**3 + 19*u**2 - 6*u + 5. What is a(4)?
29
Let r(y) = -12*y**2 + 2*y - 2. Give r(1).
-12
Let w(l) = -l + 2. Give w(-1).
3
Let l(q) = q**2 + 31*q + 70. Determine l(-29).
12
Let r(y) = 11*y + 69. What is r(-6)?
3
Let h(b) = -b**2 + 19*b - 101. Determine h(11).
-13
Let n(i) = -9*i + 1. Give n(2).
-17
Let u(l) = 2*l + 8. What is u(-4)?
0
Let u(k) = -k**3 + 7*k**2 - 6*k. Calculate u(6).
0
Let i(x) = -2*x**3 + 13*x**2 - 8*x + 13. Give i(6).
1
Let q(j) = -22*j - 3. Give q(-1).
19
Let p(l) = l - 14. Determine p(0).
-14
Let u(s) = -s**2 + 5*s - 11. Determine u(5).
-11
Let j(p) = -12*p - 19. What is j(-8)?
77
Let r(w) = -w**2 + 14*w - 1. Determine r(8).
47
Let f(g) = -6*g**2 - 11*g + 9. What is f(-6)?
-141
Let u(n) = -n - 1. Determine u(-1).
0
Let u(o) = 4*o + 135. Determine u(-25).
35
Let t(x) = -4*x - 20. Calculate t(8).
-52
Let n(b) = b**2 - 17*b - 24. What is n(16)?
-40
Let s(d) = -d**3 - 23*d**2 + 52*d + 24. Calculate s(-25).
-26
Let r(z) = -2*z**2 + 23*z - 5. What is r(11)?
6
Let t(c) = -2*c**2 - 75*c - 118. Give t(-36).
-10
Let w(t) = 2*t**2 - 4*t + 3. Give w(4).
19
Let y(w) = 2*w**2. Give y(2).
8
Let d(q) = 5*q + 127. Determine d(-22).
17
Let g(p) = -11*p**2 - 10*p + 2. Give g(4).
-214
Let t(l) = -l**3 - 16*l**2 + 3*l + 26. Determine t(-16).
-22
Let r(f) = -4*f**2 + 39*f - 55. Determine r(8).
1
Let b(r) = -5*r + 40. What is b(9)?
-5
Let p(m) = -m**3 - 20*m**2 + 3*m + 50. Give p(-20).
-10
Let f(a) = -a**2 - 10*a + 13. Give f(-13).
-26
Let b(h) = h**2 - 48*h - 22. What is b(49)?
27
Let r(v) = v**3 + 11*v**2 + 10*v + 4. Determine r(-10).
4
Let l(w) = -14*w + 71. Give l(5).
1
Let x(o) = -53*o**2 - o - 2. Give x(-1).
-54
Let q(p) = 5*p**3 + p**2 + p + 1. What is q(1)?
8
Let u(d) = 25*d - 81. Give u(4).
19
Let s(z) = 10*z - 33. What is s(5)?
17
Let c(d) = -2*d**3 - 15*d**2 + 9*d + 1. What is c(-8)?
-7
Let m(i) = i**3 + 20*i**2 - 2*i - 48. Determine m(-20).
-8
Let m(o) = o**2 + 12*o - 12. Give m(-10).
-32
Let n(r) = -2*r**2 - 19*r + 31. Give n(-11).
-2
Let a(o) = 19*o + 10. What is a(0)?
10
Let y(m) = 5*m**